*3 - 2*n**2 - n + 1. Let z be a(o). Let g = 17 - z. What is the tens digit of g?
1
Suppose -4*r + 2*r - 274 = 0. Let l = r + 243. What is the tens digit of l?
0
Suppose -43*u - 325 = -48*u. What is the tens digit of u?
6
Suppose 19*c = 11*c + 1560. What is the tens digit of c?
9
What is the hundreds digit of (3 + 0)/((-1)/37*-1)?
1
Let o = 7 + -7. Suppose -5*f = -o*d + 5*d - 20, 2*d = -f + 4. Suppose 4*h = 3*g - 49, h - 54 = -3*g + f*h. What is the units digit of g?
3
Let o = -253 + 578. What is the units digit of o?
5
Let c = 1015 + -580. What is the tens digit of c?
3
Suppose -11*q = -9*q. Suppose t - 4*t - 15 = q. What is the units digit of 13 + t + 1/1?
9
Let p(z) = 3*z + 44. Let m be p(-14). Suppose -m*b = -w + 75 - 425, 3*w + 522 = 3*b. What is the hundreds digit of b?
1
Let k be (-18)/(-4) + (-1)/2. Let a = -20 + 56. What is the tens digit of (a/21)/(k/28)?
1
Let y be 8/20*(-35)/(-1). Let b = y + -10. What is the units digit of 16 + b + 3 + -4?
9
Let f = -83 - 1. Let n = 150 + f. What is the tens digit of n?
6
Suppose -15902 = -3*x - 4*w, 3*x - 2*w = -w + 15877. What is the units digit of x?
4
Suppose 5*z = 3*j - 688, -4 + 12 = -4*z. What is the hundreds digit of j?
2
Suppose -6*o + 11*o = 15. Suppose h + 5*s = 5*h - 356, o*s = -12. Suppose -3*g - g = -h. What is the units digit of g?
1
Suppose 5*m - 2*w - 16 = m, -3*w = -3*m + 9. Suppose m*h = h. Suppose -c + 2*g + 18 = h, 0*c + 3*g - 29 = -2*c. What is the tens digit of c?
1
Suppose -3*g = -0 - 12. Suppose -g*h + 4*q = 3 - 7, 4*q + 6 = 3*h. What is the units digit of (h/(-2))/(3/147)?
9
Let n(k) = 25*k**3 - 5*k - 26*k**3 + 10 + 5*k**2 - 14*k**2. Let r be n(-7). Let u = r + 77. What is the units digit of u?
4
Let n(w) = -3*w**2 - 13 + w**2 + 4*w + 7 + 4*w**2. Suppose 8*m - 5*m + 15 = 0. What is the tens digit of n(m)?
2
Suppose 3*w - 22 - 5 = -4*u, -2*w = -10. Suppose -8 = r - u*r. Suppose z = r - 5, c = 5*z + 15. What is the units digit of c?
0
Let a(r) = 36*r - 1067. What is the tens digit of a(30)?
1
Suppose 4*x = -14*x + 12528. What is the tens digit of x?
9
What is the hundreds digit of 1384 + 2/((-8)/12)?
3
Let x = 81 + -45. What is the tens digit of (-452)/(-9) - x/162?
5
Let t be 2*((-15)/(-10))/(-3). What is the units digit of 87/6 - 3/(t*6)?
5
Suppose 0 = v - 5*v + 12. Suppose 4*n - 3*z - 32 = -7*z, 0 = 2*z + 10. Suppose 0 = v*h - 14 - n. What is the units digit of h?
9
Suppose -3*y + 4*b + 3860 = 709, -4*b - 2102 = -2*y. What is the thousands digit of y?
1
What is the units digit of (107178/24 - -1) + 33/(-44)?
6
Let m be (6/(-4))/(27/36). Let g be ((-28)/m)/((-2)/(-8)). Suppose -g = -5*d - 1. What is the units digit of d?
1
Let x be ((1 - 3) + 0 + -37)*2. Let b = x - -156. What is the units digit of b?
8
Let i be 9/6*(-2)/(-3). Let o = i + 69. What is the units digit of o?
0
Let u(p) be the first derivative of -p**4/4 + 10*p**3/3 - p**2 - 11*p + 6. What is the units digit of u(9)?
2
Suppose -6*r - 5*r = -7513. What is the hundreds digit of r?
6
Suppose -w + 3*w - 12 = -3*y, 40 = 3*w - y. Suppose 2*f - w = -2. Suppose -f*n + 0*t + 119 = 3*t, -3*n + 72 = 2*t. What is the units digit of n?
2
Let a(l) be the second derivative of 55*l**3/6 - 8*l**2 - 35*l. What is the hundreds digit of a(4)?
2
Let k = 266 - 33. Suppose 0 = 2*s - 223 - k. What is the hundreds digit of s?
2
Let u = 9 + -5. Suppose t = 5*b - 183, u*t + 52 = 2*b - 14. What is the units digit of b?
7
Let a(r) = 1 + r + 1 + 0 - 3. Let q be a(6). Suppose q*n = -2*u + 40, 3*n + 31 = 4*n + 5*u. What is the units digit of n?
6
Let c(g) = -18*g + 5. Let t be c(-6). Suppose 4*v - 175 = t. What is the units digit of v?
2
Let p(v) = -3*v + 15. Let g be p(5). Suppose 0*d + d + t - 98 = g, 4*d = 4*t + 408. What is the units digit of d?
0
Suppose 3*h = 4*h - 5. Suppose 2*o + 6 = h*o, 0 = -5*b + 3*o + 24. What is the units digit of b/(-14) - (-1080)/70?
5
What is the tens digit of (-80)/360 - (-2)/((-36)/(-5602))?
1
Let x(m) = -135*m - 25. What is the hundreds digit of x(-5)?
6
Suppose 0 = -2*u - 2*u + 56. Suppose 5*r + 3*g = 5 + u, -18 = -4*r - g. What is the units digit of r?
5
Let l = 41 - 22. Suppose 29 = 2*z - 3*p - l, -p = -2*z + 52. Suppose 3*y - z = 2*y. What is the tens digit of y?
2
Let b(l) = 391*l**3 - l**2. What is the hundreds digit of b(1)?
3
Let f = 169 - -87. What is the units digit of f?
6
Let u = -234 + 330. What is the tens digit of u?
9
Suppose t - 40 = -t. Suppose -t = 3*y - 7*y. Suppose -90 = -7*i + 3*i + 2*j, y*j = -i + 6. What is the tens digit of i?
2
Let s = 548 - 164. What is the tens digit of s?
8
Let u be (1/2)/((-7)/(-182)). Let c = u + -10. Suppose o + 6 = -5*d, -d + 38 = c*o - 14. What is the tens digit of o?
1
Let i = 78 + -44. Let y = -23 + i. Suppose 10*z + 4 = y*z. What is the units digit of z?
4
Let y(c) = c**3 + 15*c**2 - 17*c - 24. What is the hundreds digit of y(-11)?
6
Suppose -5*y + 5*j = -2040, 0 = -3*y - 4*j + 71 + 1132. What is the units digit of y?
5
Let p be -4 - -1 - (-1 + 11). Let u = -9 - p. Suppose 0 = -u*w + 41 + 43. What is the tens digit of w?
2
What is the tens digit of 514/4 + (-30)/(-20)?
3
Let j = -39 - -37. What is the tens digit of (-2 - -62) + 3 + (1 - j)?
6
Let r(p) = -8*p. Suppose 0*q - 9 = 5*q + 3*f, q = -2*f + 1. Let y be r(q). What is the tens digit of -3 + 3 + y + 3?
2
Suppose -24 = -5*b + t, 8*b + 5*t = 6*b - 12. Suppose c + 5*j - 8 = 6, 0 = 4*c + b*j - 120. What is the tens digit of c?
3
Suppose 2*z - 4*x = 1528, -2*x - x = 5*z - 3846. What is the tens digit of z?
6
Let h be (-3)/(-2)*26/39 - 75. Let s = h - -83. What is the units digit of s?
9
Let s be ((-504)/(-48))/((-1)/8). What is the units digit of 7/(-21)*(-3 + s)?
9
What is the tens digit of (3/((-15)/(-7730)))/2?
7
Suppose 2*h = c - 1086, -2175 = -2*c + 10*h - 5*h. What is the tens digit of c?
8
What is the hundreds digit of ((-6)/4)/((-36)/4176)?
1
Let d(s) = -9*s + 8. Suppose -5*m = 59 - 34. What is the tens digit of d(m)?
5
Let t be ((-2286)/15)/(24/(-60)). Suppose -60*d = -63*d + t. What is the hundreds digit of d?
1
Let b = 268 + -144. What is the tens digit of b?
2
Suppose 8 = 5*g - 47. Suppose g*c + 47 = 12*c. What is the units digit of c?
7
Suppose -h + 7 - 3 = 0. Let t be ((-3)/(-6))/(1/h). Suppose -4*w = -f - 13, 12 = -t*f + 2. What is the units digit of w?
2
Let d(s) = -s**3 + 6*s**2 + 3*s - 12. Let m be d(6). What is the units digit of m*5*66/110?
8
Let p = -281 - -400. Suppose 14*i = 13*i + p. What is the tens digit of i?
1
Let s = -1064 + 2311. What is the units digit of s?
7
Suppose -44*b = -46*b + 778. What is the hundreds digit of b?
3
Suppose u = 4*u - 102. Let i = u + -19. Suppose 7*w - i = 2*w. What is the units digit of w?
3
Let u be (10 - 1)*(9 + -5 + 3). Suppose 0 = -g + u + 39. What is the hundreds digit of g?
1
Suppose 5*x - 5 = 15. Let h(p) = p**3 - 3*p**2 + 3*p + 6. What is the units digit of h(x)?
4
Suppose -2*g - 16 = -3*s - 0, 3*g = -6. Suppose 89 = s*f + 1. What is the units digit of f?
2
Let f(m) = 17*m + 3. Suppose 2*v + 0 = -4. Let a be f(v). Let n = a - -86. What is the units digit of n?
5
Suppose 3*s + 6 + 0 = 0, -73 = -i + 2*s. What is the tens digit of i?
6
Let q = -326 - -206. Let c = 171 + q. What is the tens digit of c?
5
Suppose 0 = -4*y - 4*f + 1484, 45 = y - 2*f - 314. What is the units digit of y?
7
What is the tens digit of (10/20)/(4/50312) - 8?
8
Suppose 0 = 2*x - x + 4. Let c(f) = f**3 - 5*f**2 - 3*f + 6. Let q be c(4). What is the tens digit of x/((-16)/(-12)) - q?
1
Suppose 2*k - 886 = 2*r - 160, -3*k = 5*r - 1065. What is the hundreds digit of k?
3
Suppose -6*i + 2*i + 20 = 0. Suppose -5 = 4*j - i*j. Suppose -j*s + 54 = -106. What is the units digit of s?
2
Let v be (-836)/(-304) + 1 + (-6)/8. Suppose 2*m - 423 = -3*p, -133 = -p - m + v*m. What is the tens digit of p?
3
Let x be 84/(-35) + 2 + 44/10. Suppose -9*y + x*y = -365. What is the tens digit of y?
7
Suppose 0 = 14*m - 11117 + 1023. What is the tens digit of m?
2
Suppose 0 = 4*g - 5*a + 9, 3*g - 5*a + a = -8. Suppose 18*x - 36 = 9*x. Suppose g*s = -0*s + x. What is the units digit of s?
1
Let z(t) = 10*t**2 + 9*t + 2. What is the tens digit of z(-12)?
3
Let z(w) = w**3 - 7*w**2 - 10*w + 20. Let c be z(8). Suppose -3 = 6*v - v - c*s, 2*v - s = 0. What is the units digit of v?
1
Let x be (4 